isor of 12 and m.
3
Suppose -b + 89 = 61. Let a = -3 - -9. Suppose 29 + 13 = a*j. Calculate the greatest common divisor of j and b.
7
Let b = 143 + -70. Suppose b*a - 76*a = -567. Calculate the greatest common factor of 63 and a.
63
Suppose 0 = -3*a + 5*r + 1, 4*a + 2*r + 3*r - 13 = 0. Suppose -a*c + 10*c - 2304 = 0. Calculate the highest common factor of 18 and c.
18
Let g be (0 + 2/4)*(-17 + 17). Suppose -3*n + 4*a = -4*n - 32, 4*a - 4 = g. Let x = -26 - n. What is the greatest common factor of x and 70?
10
Suppose 4*h = 5*o + 57, 0 = -h + 2*o + 3*o + 33. Suppose -217 = -h*r - 73. Let y = 818 - 728. Calculate the greatest common factor of y and r.
18
Let l(j) = -43*j - 6. Let k be l(4). Let d = -139 - k. Suppose -4*f - 5*h + 36 = -11, -4*f = h - 51. What is the greatest common divisor of f and d?
13
Let f(b) = -2*b**2 - 19*b - 38. Let c be f(12). Let u = c - -589. What is the highest common divisor of u and 385?
35
Suppose -13*x = 72*x - 13386 + 296. Suppose 0 = -5*q - b + 208, -4*q + 8*b + 176 = 4*b. Calculate the highest common divisor of x and q.
14
Suppose 2882929 + 1786197 = 137*j + 1206999. Calculate the highest common factor of 37 and j.
37
Let p be 1902/7 + (-2)/(-7). Suppose -3*b = -5*t + 219, -3*t + 5*b = 3*b - 132. Let q be t + (-21)/3 + -1. What is the highest common factor of p and q?
34
Suppose 0 = d - 4, -4*l + 4*d = 48. Let r be (l/(-10))/((-1)/(-45)). Let b = 48 + -44. Calculate the greatest common factor of r and b.
4
Let i be (-2 - 67 - 1)*(10 + (-275)/22). What is the greatest common factor of i and 1295?
35
Let o = 35 + -17. Let w be 4/o - 6061/99. Let x be ((-2)/2)/(w/30 + 2). Calculate the highest common divisor of 90 and x.
30
Let d = 37 + -19. Suppose 0 = 5*u - 3*n - 96, 72 = 2*u + u + 3*n. Suppose -d*t + u*t = 12. Calculate the highest common factor of t and 2.
2
Let x(m) = 157*m**2 + 28*m - 62. Let n be x(2). Let l = n + -577. Calculate the greatest common divisor of 75 and l.
15
Suppose -95*v - 56*v - 412*v + 9008 = 0. Let x be 2/(-8) - 257/(-4). Calculate the greatest common factor of v and x.
16
Suppose 14 = 2*w + 3*t, -12 = 7*w - 12*w + 4*t. Suppose w*f - 3*b - 166 = 0, 3*b = -4*f + 2*f + 74. Calculate the highest common factor of f and 200.
40
Let y(q) = 37*q + 2. Let s be y(6). Let m be (-34122)/(-528) - (-20)/(-32). Calculate the highest common divisor of s and m.
32
Suppose 0 = -3*f + 5*o + 11148, 4*f - 16*o = -21*o + 14899. Calculate the highest common divisor of 122 and f.
61
Let x(r) = 10*r + 13. Let j be x(6). What is the highest common divisor of 146 and j?
73
Let u(x) be the first derivative of x**4/4 + 11*x**3/3 + 23*x + 53. Let o be u(-11). Calculate the highest common divisor of o and 391.
23
Let w(m) = m**2 - 5*m - 2. Let c(q) = 3*q**2 - q - 1. Let d be c(-1). Let j be (2/d)/(11/99). Let g be w(j). Calculate the greatest common divisor of 16 and g.
4
Suppose -7*w = -5*y - 12*w + 2065, -4*y = -2*w - 1640. What is the greatest common divisor of y and 51?
3
Suppose 687268 + 368908 = 30*g + 157*g. What is the greatest common factor of g and 128?
16
Let q = -9 - -15. Let f be 716 - ((-5)/(-2))/(125/100). What is the greatest common factor of f and q?
6
Suppose 4*s - 53 = 99. Let z(u) = -58*u - 660. Let k be z(-14). What is the greatest common divisor of k and s?
38
Let x be 120/(270/(-17) - -16). Calculate the greatest common factor of 1836 and x.
204
Let k(f) = f + 16. Let i be k(-5). Let s = i - 7. Suppose -p + 364 = s*x, -x + 2*p = 6*p - 106. Calculate the highest common factor of x and 30.
30
Let b = -9 + -7. Let l = -7 - b. Suppose x = -31 + 30, -5*k - 3*x + 402 = 0. Calculate the highest common divisor of l and k.
9
Let u = 35 + 217. Let h(b) = -2*b**3 - 8*b**2 + 5*b + 19. Let o be h(-4). Let w be ((1 + -5)*o)/(2/14). Calculate the greatest common divisor of u and w.
28
Let i be (-8 + 63/9)*-10071. What is the highest common divisor of 27 and i?
27
Suppose 12 = 2*l - 4. Let b(f) = 11*f - 32. Let u be b(l). What is the highest common divisor of 28 and u?
28
Suppose -78*a - 29*a - 25*a + 10296 = 0. Let n(t) = 11*t**2 - 8*t - 6. Let c be n(10). Calculate the greatest common factor of c and a.
78
Suppose 115*p + 113*p = 229*p - 68. Calculate the highest common divisor of 17 and p.
17
Suppose -o = r - 3 - 16, -3*r = -5*o - 17. Suppose 38 = m - 5*z, 0*z + 3*z - r = -m. Calculate the greatest common factor of m and 368.
23
Suppose -5*s + 25*h + 1422 = 28*h, -s - 5*h + 302 = 0. Let p(k) = -2*k + 2. Let j be p(-5). What is the greatest common factor of s and j?
6
Let g(x) = 3*x + 22. Let c be g(-5). Suppose -2*a + c*w + 480 = 5*w, 3*w + 477 = 2*a. What is the highest common factor of 9 and a?
9
Suppose 4*v - 5312 = 2*d, -4*v + 3*d - 410 + 5728 = 0. Calculate the highest common divisor of 424 and v.
53
Let n = -206 - -200. Let h be 2/6 + (-154)/(-6). Let z = n + h. What is the greatest common divisor of z and 20?
20
Let j = 4814 + -4811. What is the greatest common divisor of j and 51?
3
Let o be (-789)/9 - (5/(-3) + 2). Let y = o + 90. Suppose -y*a = -5*a + 288. Calculate the greatest common factor of a and 12.
12
Let w(x) = -x**3 - 2 - 2 - x + 2 - 10*x**2 + 6. Let v be w(-10). Let i be (0 + -24)*((-189)/36 - 0). Calculate the greatest common factor of i and v.
14
Suppose -4*k = -55 - 5. Let b = 98 - 31. Let v = b - k. What is the greatest common factor of v and 39?
13
Let s(n) = -79*n + 1257. Let i be s(11). What is the greatest common factor of 12 and i?
4
Suppose 4 = h + 3*y, -3*y = -y + 2. Suppose -106 = -5*m + h*z - 5*z, -5*m = 5*z - 120. Calculate the greatest common divisor of m and 22.
22
Let j = 79 + -9. Suppose 127*f = 134*f - j. Calculate the highest common divisor of 430 and f.
10
Let p = 19869 - 19837. Suppose 3*r = -4 - 5, -d = 2*r + 7. Let t be 24/4 + 2/d. Calculate the highest common divisor of t and p.
4
Suppose 40*y - 45*y = -30. Suppose -11*t + 1155 = -y*t. Calculate the greatest common divisor of t and 42.
21
Let j(u) = 19*u + 632. Let w be j(0). Calculate the greatest common divisor of w and 64.
8
Let t(v) = -v**2 - 20*v. Let k be t(-12). What is the highest common factor of 20 and k?
4
Suppose -847 = -25*t + 32*t. Let v = t - -157. What is the greatest common factor of 162 and v?
18
Suppose -3*x + 7 = -2. Suppose -3*d = -3*h + 3, -x*d + h + 3 + 0 = 0. Calculate the greatest common factor of 10 and d.
2
Let b = -265 + 270. Suppose 650 = b*j - 3*z, 583 = 4*j + 3*z + 63. Calculate the highest common factor of j and 10.
10
Let t be (-22)/((-8)/(-12)*3). Let k = t + 43. Let o(v) = v**2 + v - 12. Let d be o(-5). Calculate the greatest common factor of d and k.
8
Suppose i = -i + 18. Let r be 3*(6/i - 0/1). Let k be (-292)/(-12) - r/6. Calculate the highest common factor of k and 3.
3
Let w be (-2 - -1)*((-8 - -23) + -44). Suppose a - 415 = 368. What is the greatest common divisor of a and w?
29
Let p = -20565 - -21021. Suppose q = 2*a - 3*q - 48, -3*q - 48 = -2*a. What is the greatest common divisor of p and a?
24
Suppose 5*z + 4*t - 50 = -31, -23 = -z + 4*t. Let o = z - -80. What is the greatest common factor of o and 1?
1
Suppose -3*i - 27 = c, -4*c - 30 = 3*i - 2*c. Let j = 2 + i. Let v = j - -17. What is the highest common factor of v and 11?
11
Let j be (0 - 28)*(-9)/(-63)*-7. What is the highest common factor of 8764 and j?
28
Let r be 1/((-1)/(-631)) - -2. Suppose -10*w + r + 207 = 0. Suppose 11*t - 192 = 3*t. Calculate the greatest common divisor of t and w.
12
Let l(g) = -3*g**3 + 3*g**2 + g + 15. Let n be l(-4). Let v = n + -178. What is the highest common factor of v and 657?
73
Let k be (50/(-2))/(5 - 4). Let r = 44 + k. Suppose 1612 = 63*w + 415. Calculate the highest common divisor of r and w.
19
Suppose -5*f = o - 21 - 3, -o + 18 = 2*f. Suppose -2*z - 104 + 416 = 0. Suppose -z + 51 = -5*t. What is the highest common divisor of t and o?
7
Let x be (1/3)/(25/4275). Suppose 49*a = x*a - 3128. Suppose -179 = -3*c + a. Calculate the greatest common factor of 38 and c.
38
Let m = 11 + -6. Let q(j) = -12363*j - 12218. Let t be q(-1). What is the highest common factor of m and t?
5
Let u = 8018 + 174. What is the greatest common divisor of 16 and u?
16
Let x(z) = 100*z + 29. Let t be x(1). Suppose 0 = -139*m + t*m + 520. What is the highest common factor of 442 and m?
26
Suppos